{"id":6718,"date":"2026-08-12T16:29:28","date_gmt":"2026-08-12T19:29:28","guid":{"rendered":"https:\/\/mmveiculos.net.br\/?post_type=cpt_cars&#038;p=6718"},"modified":"2026-08-12T16:31:35","modified_gmt":"2026-08-12T19:31:35","slug":"ram-rampage-rt","status":"publish","type":"cpt_cars","link":"https:\/\/mmveiculos.net.br\/?cpt_cars=ram-rampage-rt","title":{"rendered":"RAM RAMPAGE RT"},"content":{"rendered":"\n<p class=\"wp-block-paragraph\"><strong>2.0 TURBO \u2013 272 cv<\/strong><\/p>\n\n\n\n<p class=\"wp-block-paragraph\">VALOR: <strong>R$ 179.000,00<\/strong><\/p>\n\n\n\n<p class=\"wp-block-paragraph\"><strong>2023\/2024<\/strong><\/p>\n\n\n\n<p class=\"wp-block-paragraph\"><strong>Autom\u00e1tico de 9 marchas<\/strong><\/p>\n\n\n\n<p class=\"wp-block-paragraph\"><strong>Cinza grafite<\/strong><\/p>\n\n\n\n<p class=\"wp-block-paragraph\"><strong>63.300km<br><br><\/strong><\/p>\n\n\n\n<p class=\"wp-block-paragraph\"><strong>DIFERENCIAIS:<\/strong><\/p>\n\n\n\n<p class=\"wp-block-paragraph\"><strong>Motoriza\u00e7\u00e3o 2.0 turbo de 272 cavalos<\/strong><\/p>\n\n\n\n<p class=\"wp-block-paragraph\"><strong>Rodas Aro 19<\/strong><\/p>\n\n\n\n<p class=\"wp-block-paragraph\"><strong>4&#215;4\/AWD<\/strong><\/p>\n\n\n\n<p class=\"wp-block-paragraph\"><strong>Freio \u00e0 disco ABS<\/strong><\/p>\n\n\n\n<p class=\"wp-block-paragraph\"><strong>Multim\u00eddia 12,3\u2019 com Apple Car Play e Android Auto<\/strong><\/p>\n\n\n\n<p class=\"wp-block-paragraph\"><strong>Dire\u00e7\u00e3o el\u00e9trica<\/strong><\/p>\n\n\n\n<p class=\"wp-block-paragraph\"><strong>Alerta de colis\u00e3o e frenagem autom\u00e1tica<\/strong><\/p>\n","protected":false},"excerpt":{"rendered":"<p>2.0 TURBO \u2013 272 cv VALOR: R$ 179.000,00 2023\/2024 Autom\u00e1tico de 9 marchas Cinza grafite 63.300km DIFERENCIAIS: Motoriza\u00e7\u00e3o 2.0 turbo de 272 cavalos Rodas Aro 19 4&#215;4\/AWD Freio \u00e0 disco&hellip;<\/p>\n","protected":false},"author":1,"featured_media":6721,"template":"","cpt_cars_type":[57],"cpt_cars_status":[47],"cpt_cars_features":[],"cpt_cars_labels":[20],"cpt_cars_city":[22],"class_list":["post-6718","cpt_cars","type-cpt_cars","status-publish","has-post-thumbnail","hentry","cpt_cars_type-picape","cpt_cars_status-vendas","cpt_cars_maker-ram","cpt_cars_model-rampage","cpt_cars_labels-oferta","cpt_cars_city-uberlandia"],"_links":{"self":[{"href":"https:\/\/mmveiculos.net.br\/index.php?rest_route=\/wp\/v2\/cpt_cars\/6718","targetHints":{"allow":["GET"]}}],"collection":[{"href":"https:\/\/mmveiculos.net.br\/index.php?rest_route=\/wp\/v2\/cpt_cars"}],"about":[{"href":"https:\/\/mmveiculos.net.br\/index.php?rest_route=\/wp\/v2\/types\/cpt_cars"}],"author":[{"embeddable":true,"href":"https:\/\/mmveiculos.net.br\/index.php?rest_route=\/wp\/v2\/users\/1"}],"wp:featuredmedia":[{"embeddable":true,"href":"https:\/\/mmveiculos.net.br\/index.php?rest_route=\/wp\/v2\/media\/6721"}],"wp:attachment":[{"href":"https:\/\/mmveiculos.net.br\/index.php?rest_route=%2Fwp%2Fv2%2Fmedia&parent=6718"}],"wp:term":[{"taxonomy":"cpt_cars_type","embeddable":true,"href":"https:\/\/mmveiculos.net.br\/index.php?rest_route=%2Fwp%2Fv2%2Fcpt_cars_type&post=6718"},{"taxonomy":"cpt_cars_status","embeddable":true,"href":"https:\/\/mmveiculos.net.br\/index.php?rest_route=%2Fwp%2Fv2%2Fcpt_cars_status&post=6718"},{"taxonomy":"cpt_cars_features","embeddable":true,"href":"https:\/\/mmveiculos.net.br\/index.php?rest_route=%2Fwp%2Fv2%2Fcpt_cars_features&post=6718"},{"taxonomy":"cpt_cars_labels","embeddable":true,"href":"https:\/\/mmveiculos.net.br\/index.php?rest_route=%2Fwp%2Fv2%2Fcpt_cars_labels&post=6718"},{"taxonomy":"cpt_cars_city","embeddable":true,"href":"https:\/\/mmveiculos.net.br\/index.php?rest_route=%2Fwp%2Fv2%2Fcpt_cars_city&post=6718"}],"curies":[{"name":"wp","href":"https:\/\/api.w.org\/{rel}","templated":true}]}}

<p class="wp-block-paragraph"><strong>2.0 TURBO – 272 cv</strong></p>



<p class="wp-block-paragraph">VALOR: <strong>R$ 179.000,00</strong></p>



<p class="wp-block-paragraph"><strong>2023/2024</strong></p>



<p class="wp-block-paragraph"><strong>Automático de 9 marchas</strong></p>



<p class="wp-block-paragraph"><strong>Cinza grafite</strong></p>



<p class="wp-block-paragraph"><strong>63.300km<br><br></strong></p>



<p class="wp-block-paragraph"><strong>DIFERENCIAIS:</strong></p>



<p class="wp-block-paragraph"><strong>Motorização 2.0 turbo de 272 cavalos</strong></p>



<p class="wp-block-paragraph"><strong>Rodas Aro 19</strong></p>



<p class="wp-block-paragraph"><strong>4&#215;4/AWD</strong></p>



<p class="wp-block-paragraph"><strong>Freio à disco ABS</strong></p>



<p class="wp-block-paragraph"><strong>Multimídia 12,3’ com Apple Car Play e Android Auto</strong></p>



<p class="wp-block-paragraph"><strong>Direção elétrica</strong></p>



<p class="wp-block-paragraph"><strong>Alerta de colisão e frenagem automática</strong></p>

<p>2.0 TURBO – 272 cv VALOR: R$ 179.000,00 2023/2024 Automático de 9 marchas Cinza grafite 63.300km DIFERENCIAIS: Motorização 2.0 turbo de 272 cavalos Rodas Aro 19 4&#215;4/AWD Freio à disco&hellip;</p>
