{"id":6749,"date":"2026-08-12T17:05:10","date_gmt":"2026-08-12T20:05:10","guid":{"rendered":"https:\/\/mmveiculos.net.br\/?post_type=cpt_cars&#038;p=6749"},"modified":"2026-08-12T17:05:11","modified_gmt":"2026-08-12T20:05:11","slug":"corolla-altis-premium","status":"publish","type":"cpt_cars","link":"https:\/\/mmveiculos.net.br\/?cpt_cars=corolla-altis-premium","title":{"rendered":"COROLLA ALTIS PREMIUM"},"content":{"rendered":"\n<p class=\"wp-block-paragraph\"><strong>1.8 HYBRID FLEX \u2013 122cv <\/strong> &#8211;  <strong>HIBRIDO \/ COMBUST\u00c3O<\/strong><\/p>\n\n\n\n<p class=\"wp-block-paragraph\">VALOR: <strong>R$ 126.000,00<\/strong><\/p>\n\n\n\n<p class=\"wp-block-paragraph\"><strong>2019\/2020<\/strong><\/p>\n\n\n\n<p class=\"wp-block-paragraph\"><strong>Autom\u00e1tico<\/strong><\/p>\n\n\n\n<p class=\"wp-block-paragraph\"><strong>96.000KM<\/strong><\/p>\n\n\n\n<p class=\"wp-block-paragraph\"><strong>DIFERENCIAIS:<\/strong><\/p>\n\n\n\n<p class=\"wp-block-paragraph\"><strong>Hibrido \u2013 N\u00e3o Precisa Ser Ligado a Tomada a<\/strong><\/p>\n\n\n\n<p class=\"wp-block-paragraph\"><strong>Regenera\u00e7\u00e3o de Energia Ocorre Durante Desacelera\u00e7\u00f5es e Frenagens ou Pelo Pr\u00f3prio Motor T\u00e9rmico<\/strong><\/p>\n\n\n\n<p class=\"wp-block-paragraph\"><strong>Chave Presencial Start\/Stop<\/strong><\/p>\n\n\n\n<p class=\"wp-block-paragraph\"><strong>Computador de Bordo\/Piloto Autom\u00e1tico<\/strong><\/p>\n\n\n\n<p class=\"wp-block-paragraph\"><strong>Dire\u00e7\u00e3o El\u00e9trica<\/strong><\/p>\n\n\n\n<p class=\"wp-block-paragraph\"><strong>Multim\u00eddia completa<\/strong><\/p>\n\n\n\n<p class=\"wp-block-paragraph\"><strong>Volante Multifuncional<\/strong><\/p>\n\n\n\n<p class=\"wp-block-paragraph\"><strong>Rodas Aro 17<\/strong><\/p>\n\n\n\n<p class=\"wp-block-paragraph\"><strong>Controle de Tra\u00e7\u00e3o e Estabilidade<\/strong><\/p>\n\n\n\n<p class=\"wp-block-paragraph\"><strong>Alerta de Colis\u00e3o Frontal<\/strong><\/p>\n","protected":false},"excerpt":{"rendered":"<p>1.8 HYBRID FLEX \u2013 122cv &#8211; HIBRIDO \/ COMBUST\u00c3O VALOR: R$ 126.000,00 2019\/2020 Autom\u00e1tico 96.000KM DIFERENCIAIS: Hibrido \u2013 N\u00e3o Precisa Ser Ligado a Tomada a Regenera\u00e7\u00e3o de Energia Ocorre Durante&hellip;<\/p>\n","protected":false},"author":1,"featured_media":6750,"template":"","cpt_cars_type":[52],"cpt_cars_status":[47],"cpt_cars_features":[],"cpt_cars_labels":[20],"cpt_cars_city":[22],"class_list":["post-6749","cpt_cars","type-cpt_cars","status-publish","has-post-thumbnail","hentry","cpt_cars_type-sedan","cpt_cars_status-vendas","cpt_cars_maker-toyota","cpt_cars_model-corolla","cpt_cars_labels-oferta","cpt_cars_city-uberlandia"],"_links":{"self":[{"href":"https:\/\/mmveiculos.net.br\/index.php?rest_route=\/wp\/v2\/cpt_cars\/6749","targetHints":{"allow":["GET"]}}],"collection":[{"href":"https:\/\/mmveiculos.net.br\/index.php?rest_route=\/wp\/v2\/cpt_cars"}],"about":[{"href":"https:\/\/mmveiculos.net.br\/index.php?rest_route=\/wp\/v2\/types\/cpt_cars"}],"author":[{"embeddable":true,"href":"https:\/\/mmveiculos.net.br\/index.php?rest_route=\/wp\/v2\/users\/1"}],"wp:featuredmedia":[{"embeddable":true,"href":"https:\/\/mmveiculos.net.br\/index.php?rest_route=\/wp\/v2\/media\/6750"}],"wp:attachment":[{"href":"https:\/\/mmveiculos.net.br\/index.php?rest_route=%2Fwp%2Fv2%2Fmedia&parent=6749"}],"wp:term":[{"taxonomy":"cpt_cars_type","embeddable":true,"href":"https:\/\/mmveiculos.net.br\/index.php?rest_route=%2Fwp%2Fv2%2Fcpt_cars_type&post=6749"},{"taxonomy":"cpt_cars_status","embeddable":true,"href":"https:\/\/mmveiculos.net.br\/index.php?rest_route=%2Fwp%2Fv2%2Fcpt_cars_status&post=6749"},{"taxonomy":"cpt_cars_features","embeddable":true,"href":"https:\/\/mmveiculos.net.br\/index.php?rest_route=%2Fwp%2Fv2%2Fcpt_cars_features&post=6749"},{"taxonomy":"cpt_cars_labels","embeddable":true,"href":"https:\/\/mmveiculos.net.br\/index.php?rest_route=%2Fwp%2Fv2%2Fcpt_cars_labels&post=6749"},{"taxonomy":"cpt_cars_city","embeddable":true,"href":"https:\/\/mmveiculos.net.br\/index.php?rest_route=%2Fwp%2Fv2%2Fcpt_cars_city&post=6749"}],"curies":[{"name":"wp","href":"https:\/\/api.w.org\/{rel}","templated":true}]}}

<p class="wp-block-paragraph"><strong>1.8 HYBRID FLEX – 122cv </strong> &#8211;  <strong>HIBRIDO / COMBUSTÃO</strong></p>



<p class="wp-block-paragraph">VALOR: <strong>R$ 126.000,00</strong></p>



<p class="wp-block-paragraph"><strong>2019/2020</strong></p>



<p class="wp-block-paragraph"><strong>Automático</strong></p>



<p class="wp-block-paragraph"><strong>96.000KM</strong></p>



<p class="wp-block-paragraph"><strong>DIFERENCIAIS:</strong></p>



<p class="wp-block-paragraph"><strong>Hibrido – Não Precisa Ser Ligado a Tomada a</strong></p>



<p class="wp-block-paragraph"><strong>Regeneração de Energia Ocorre Durante Desacelerações e Frenagens ou Pelo Próprio Motor Térmico</strong></p>



<p class="wp-block-paragraph"><strong>Chave Presencial Start/Stop</strong></p>



<p class="wp-block-paragraph"><strong>Computador de Bordo/Piloto Automático</strong></p>



<p class="wp-block-paragraph"><strong>Direção Elétrica</strong></p>



<p class="wp-block-paragraph"><strong>Multimídia completa</strong></p>



<p class="wp-block-paragraph"><strong>Volante Multifuncional</strong></p>



<p class="wp-block-paragraph"><strong>Rodas Aro 17</strong></p>



<p class="wp-block-paragraph"><strong>Controle de Tração e Estabilidade</strong></p>



<p class="wp-block-paragraph"><strong>Alerta de Colisão Frontal</strong></p>

<p>1.8 HYBRID FLEX – 122cv &#8211; HIBRIDO / COMBUSTÃO VALOR: R$ 126.000,00 2019/2020 Automático 96.000KM DIFERENCIAIS: Hibrido – Não Precisa Ser Ligado a Tomada a Regeneração de Energia Ocorre Durante&hellip;</p>
