{"id":6760,"date":"2026-08-18T16:13:59","date_gmt":"2026-08-18T19:13:59","guid":{"rendered":"https:\/\/mmveiculos.net.br\/?post_type=cpt_cars&#038;p=6760"},"modified":"2026-08-18T16:14:01","modified_gmt":"2026-08-18T19:14:01","slug":"fiat-strada-cs-1-3-firefly","status":"publish","type":"cpt_cars","link":"https:\/\/mmveiculos.net.br\/?cpt_cars=fiat-strada-cs-1-3-firefly","title":{"rendered":"FIAT STRADA CS 1.3 FIREFLY"},"content":{"rendered":"\n<p class=\"wp-block-paragraph\">Se voc\u00ea procura uma pickup robusta, econ\u00f4mica e pronta para o trabalho do dia a dia, essa Strada merece sua aten\u00e7\u00e3o.<\/p>\n\n\n\n<p class=\"wp-block-paragraph\">\ud83d\udcb0 R$ 89.900,00<br>\ud83d\udcc5 2023\/2024<br>\u2699\ufe0f Manual 5 marchas<br>\ud83c\udfa8 Branca<br>\ud83d\udccd Apenas 25.000 km<\/p>\n\n\n\n<p class=\"wp-block-paragraph\">Confira os diferenciais:<\/p>\n\n\n\n<p class=\"wp-block-paragraph\">\u2714\ufe0f Cabine simples<br>\u2714\ufe0f Motoriza\u00e7\u00e3o 1.3 Firefly Flex \u2013 107cv<br>\u2714\ufe0f Rodas aro 15<br>\u2714\ufe0f Dire\u00e7\u00e3o el\u00e9trica<br>\u2714\ufe0f Ar-condicionado<br>\u2714\ufe0f Controle el\u00e9trico dos retrovisores<br>\u2714\ufe0f Freios ABS<\/p>\n\n\n\n<p class=\"wp-block-paragraph\">Uma pickup moderna, vers\u00e1til e pronta para encarar a rotina com economia, conforto e confiabilidade.<\/p>\n\n\n\n<p class=\"wp-block-paragraph\">\ud83d\udccd Dispon\u00edvel na MM Ve\u00edculos<br>Av. Seme Sim\u00e3o, 1265 \u2013 Zona Sul de Uberl\u00e2ndia<\/p>\n\n\n\n<p class=\"wp-block-paragraph\">\ud83d\udcf2 Entre em contato e agende sua visita.<\/p>\n","protected":false},"excerpt":{"rendered":"<p>Se voc\u00ea procura uma pickup robusta, econ\u00f4mica e pronta para o trabalho do dia a dia, essa Strada merece sua aten\u00e7\u00e3o. \ud83d\udcb0 R$ 89.900,00\ud83d\udcc5 2023\/2024\u2699\ufe0f Manual 5 marchas\ud83c\udfa8 Branca\ud83d\udccd Apenas&hellip;<\/p>\n","protected":false},"author":1,"featured_media":6761,"template":"","cpt_cars_type":[57],"cpt_cars_status":[47],"cpt_cars_features":[],"cpt_cars_labels":[20],"cpt_cars_city":[22],"class_list":["post-6760","cpt_cars","type-cpt_cars","status-publish","has-post-thumbnail","hentry","cpt_cars_type-picape","cpt_cars_status-vendas","cpt_cars_maker-fiat","cpt_cars_model-strada","cpt_cars_labels-oferta","cpt_cars_city-uberlandia"],"_links":{"self":[{"href":"https:\/\/mmveiculos.net.br\/index.php?rest_route=\/wp\/v2\/cpt_cars\/6760","targetHints":{"allow":["GET"]}}],"collection":[{"href":"https:\/\/mmveiculos.net.br\/index.php?rest_route=\/wp\/v2\/cpt_cars"}],"about":[{"href":"https:\/\/mmveiculos.net.br\/index.php?rest_route=\/wp\/v2\/types\/cpt_cars"}],"author":[{"embeddable":true,"href":"https:\/\/mmveiculos.net.br\/index.php?rest_route=\/wp\/v2\/users\/1"}],"wp:featuredmedia":[{"embeddable":true,"href":"https:\/\/mmveiculos.net.br\/index.php?rest_route=\/wp\/v2\/media\/6761"}],"wp:attachment":[{"href":"https:\/\/mmveiculos.net.br\/index.php?rest_route=%2Fwp%2Fv2%2Fmedia&parent=6760"}],"wp:term":[{"taxonomy":"cpt_cars_type","embeddable":true,"href":"https:\/\/mmveiculos.net.br\/index.php?rest_route=%2Fwp%2Fv2%2Fcpt_cars_type&post=6760"},{"taxonomy":"cpt_cars_status","embeddable":true,"href":"https:\/\/mmveiculos.net.br\/index.php?rest_route=%2Fwp%2Fv2%2Fcpt_cars_status&post=6760"},{"taxonomy":"cpt_cars_features","embeddable":true,"href":"https:\/\/mmveiculos.net.br\/index.php?rest_route=%2Fwp%2Fv2%2Fcpt_cars_features&post=6760"},{"taxonomy":"cpt_cars_labels","embeddable":true,"href":"https:\/\/mmveiculos.net.br\/index.php?rest_route=%2Fwp%2Fv2%2Fcpt_cars_labels&post=6760"},{"taxonomy":"cpt_cars_city","embeddable":true,"href":"https:\/\/mmveiculos.net.br\/index.php?rest_route=%2Fwp%2Fv2%2Fcpt_cars_city&post=6760"}],"curies":[{"name":"wp","href":"https:\/\/api.w.org\/{rel}","templated":true}]}}

<p class="wp-block-paragraph">Se você procura uma pickup robusta, econômica e pronta para o trabalho do dia a dia, essa Strada merece sua atenção.</p>



<p class="wp-block-paragraph">💰 R$ 89.900,00<br>📅 2023/2024<br>⚙️ Manual 5 marchas<br>🎨 Branca<br>📍 Apenas 25.000 km</p>



<p class="wp-block-paragraph">Confira os diferenciais:</p>



<p class="wp-block-paragraph">✔️ Cabine simples<br>✔️ Motorização 1.3 Firefly Flex – 107cv<br>✔️ Rodas aro 15<br>✔️ Direção elétrica<br>✔️ Ar-condicionado<br>✔️ Controle elétrico dos retrovisores<br>✔️ Freios ABS</p>



<p class="wp-block-paragraph">Uma pickup moderna, versátil e pronta para encarar a rotina com economia, conforto e confiabilidade.</p>



<p class="wp-block-paragraph">📍 Disponível na MM Veículos<br>Av. Seme Simão, 1265 – Zona Sul de Uberlândia</p>



<p class="wp-block-paragraph">📲 Entre em contato e agende sua visita.</p>

<p>Se você procura uma pickup robusta, econômica e pronta para o trabalho do dia a dia, essa Strada merece sua atenção. 💰 R$ 89.900,00📅 2023/2024⚙️ Manual 5 marchas🎨 Branca📍 Apenas&hellip;</p>
